What are the prime factors of 19481123?
19481123
List the prime factors of 250171555.
5, 50034311
List the prime factors of 144813044.
2, 241, 150221
What are the prime factors of 29688140?
2, 5, 1484407
List the prime factors of 185906662.
2, 17, 139, 283
What are the prime factors of 12201813?
3, 13, 34763
What are the prime factors of 1048194872?
2, 167, 784577
List the prime factors of 133414291.
133414291
What are the prime factors of 50695507?
53, 73, 13103
What are the prime factors of 20781488?
2, 7, 13, 2039
What are the prime factors of 12821229?
3, 1424581
List the prime factors of 2730726171.
3, 31, 997, 9817
List the prime factors of 91114346.
2, 29, 1570937
What are the prime factors of 106116697?
106116697
List the prime factors of 67927222.
2, 11, 29, 9679
List the prime factors of 84868021.
7, 283, 42841
List the prime factors of 11998607.
11998607
What are the prime factors of 319980884?
2, 31, 37, 97, 719
What are the prime factors of 52125879?
3, 13, 1336561
List the prime factors of 28179811.
11, 232891
List the prime factors of 87956455.
5, 31, 191, 2971
What are the prime factors of 499154979?
3, 137, 1214489
List the prime factors of 5345334802.
2, 2672667401
List the prime factors of 807323536.
2, 50457721
What are the prime factors of 501101407?
501101407
List the prime factors of 141531120.
2, 3, 5, 17, 31, 373
What are the prime factors of 115172430?
2, 3, 5, 743, 5167
What are the prime factors of 506346?
2, 3, 84391
List the prime factors of 22311378.
2, 3, 17, 4289
What are the prime factors of 197525468?
2, 7, 131, 157
List the prime factors of 465436189.
8233, 56533
What are the prime factors of 45775640?
2, 5, 109, 10499
List the prime factors of 342822061.
23, 709, 21023
What are the prime factors of 1543033837?
157, 9828241
List the prime factors of 23436977.
23, 1018999
List the prime factors of 92396412.
2, 3, 2566567
List the prime factors of 330869491.
191, 1732301
List the prime factors of 135665229.
3, 7, 6460249
List the prime factors of 468280358.
2, 7, 13, 31, 71, 167
List the prime factors of 198109015.
5, 13, 277, 11003
List the prime factors of 1505685422.
2, 27107, 27773
List the prime factors of 689159719.
17, 587, 69061
List the prime factors of 894705043.
31, 28861453
List the prime factors of 1050293612.
2, 262573403
What are the prime factors of 40229193?
3, 293, 45767
List the prime factors of 2011197576.
2, 3, 19, 1193, 3697
What are the prime factors of 71683614?
2, 3, 83, 47981
What are the prime factors of 173226071?
173226071
What are the prime factors of 4630203970?
2, 5, 7, 83, 796937
List the prime factors of 1840595650.
2, 5, 43, 89, 9619
List the prime factors of 61454508.
2, 3, 5121209
List the prime factors of 313741038.
2, 3, 13, 1607, 2503
What are the prime factors of 91969005?
3, 5, 29, 113, 1871
List the prime factors of 1448508758.
2, 724254379
What are the prime factors of 1854801320?
2, 5, 17, 739, 3691
List the prime factors of 2585710652.
2, 7, 92346809
What are the prime factors of 583964862?
2, 3, 13, 7486729
What are the prime factors of 71371300?
2, 5, 7, 11, 13, 23, 31
What are the prime factors of 4402529945?
5, 11, 31, 191, 1229
List the prime factors of 13004206.
2, 271, 23993
List the prime factors of 43389032.
2, 17, 319037
What are the prime factors of 347368147?
7, 43, 1154047
What are the prime factors of 124187284?
2, 13, 183709
What are the prime factors of 1800576?
2, 3, 521
List the prime factors of 35487595.
5, 11, 13, 49633
What are the prime factors of 1975721432?
2, 5689, 43411
List the prime factors of 12614835.
3, 5, 840989
What are the prime factors of 4095980514?
2, 3, 3943, 19237
What are the prime factors of 1022169150?
2, 3, 5, 79, 28753
What are the prime factors of 36925632?
2, 3, 17, 419
List the prime factors of 28159978.
2, 7, 11, 182857
List the prime factors of 19767924.
2, 3, 11, 49919
What are the prime factors of 46988248?
2, 503, 11677
What are the prime factors of 58908962?
2, 7, 1129, 3727
List the prime factors of 101621817.
3, 11, 577, 593
List the prime factors of 153527009.
83, 1849723
What are the prime factors of 80027639?
19, 4211981
List the prime factors of 29946856.
2, 67, 55871
What are the prime factors of 35836012?
2, 101, 107, 829
List the prime factors of 155364756.
2, 3, 71, 182353
What are the prime factors of 179838086?
2, 89919043
List the prime factors of 307682486.
2, 153841243
What are the prime factors of 95595197?
3547, 26951
What are the prime factors of 369907631?
369907631
What are the prime factors of 143397806?
2, 251, 331, 863
What are the prime factors of 432814982?
2, 216407491
List the prime factors of 196664028.
2, 3, 11, 37, 67, 601
What are the prime factors of 4445728970?
2, 5, 3779, 117643
List the prime factors of 599893144.
2, 17, 857, 5147
What are the prime factors of 1633196399?
1633196399
List the prime factors of 812264466.
2, 3, 13, 10413647
List the prime factors of 78253336.
2, 7, 127, 11003
What are the prime factors of 13062117?
3, 97, 44887
List the prime factors of 1832085908.
2, 421, 1087937
List the prime factors of 995584871.
31, 269, 119389
List the prime factors of 1447267302.
2, 3, 13, 31, 131, 1523
List the prime factors of 74549949.
3, 24849983
What are the prime factors of 49464344?
2, 31, 199453
What are the prime factors of 52186604?
2, 41, 318211
What are the prime factors of 90204945?
3, 5, 457, 13159
What are the prime factors of 106793834?
2, 7, 29, 53, 709
List the prime factors of 18513794.
2, 13, 409, 1741
List the prime factors of 3770775266.
2, 1885387633
What are the prime factors of 39909789?
3, 4434421
List the prime factors of 237859754.
2, 11, 37, 103, 2837
What are the prime factors of 60021777?
3, 20007259
What are the prime factors of 14436546?
2, 3, 2406091
What are the prime factors of 5796266118?
2, 3, 331, 2918563
List the prime factors of 17522548.
2, 4380637
List the prime factors of 2728660870.
2, 5, 13, 19, 751, 1471
List the prime factors of 3437028054.
2, 3, 1907, 100129
What are the prime factors of 50913149?
7, 179, 227
What are the prime factors of 1807344017?
9109, 198413
What are the prime factors of 365298892?
2, 7, 13046389
What are the prime factors of 3633254067?
3, 29, 41761541
List the prime factors of 168724388.
2, 7, 17, 354463
List the prime factors of 69120130.
2, 5, 17, 23917
List the prime factors of 3742155770.
2, 5, 17, 22012681
List the prime factors of 56225035.
5, 17, 269, 2459
What are the prime factors of 333360553?
43, 7752571
List the prime factors of 321765397.
71, 1453, 3119
List the prime factors of 86823858.
2, 3, 11, 53, 24821
What are the prime factors of 16222760?
2, 5, 17, 23857
What are the prime factors of 101913830?
2, 5, 29, 351427
What are the prime factors of 116168741?
13, 687389
List the prime factors of 134794373.
7, 19256339
List the prime factors of 1994322588.
2, 3, 9283, 17903
List the prime factors of 644799012.
2, 3, 11, 13, 375757
What are the prime factors of 63032551?
63032551
What are the prime factors of 662441213?
7, 19, 1031, 4831
List the prime factors of 221941987.
17, 661, 19751
List the prime factors of 176835317.
176835317
What are the prime factors of 20466318?
2, 3, 71, 107, 449
What are the prime factors of 4992641957?
17, 293684821
What are the prime factors of 3354935044?
2, 41, 2917, 7013
What are the prime factors of 26634537?
3, 2959393
List the prime factors of 19001260.
2, 5, 167, 5689
What are the prime factors of 250745654?
2, 125372827
List the prime factors of 51461408.
2, 941, 1709
What are the prime factors of 237288146?
2, 118644073
List the prime factors of 14881988.
2, 11, 29, 107, 109
List the prime factors of 1999644725.
5, 13, 23, 267511
What are the prime factors of 62446659?
3, 11, 1297, 1459
List the prime factors of 2008833573.
3, 31, 21600361
What are the prime factors of 11888381?
131, 151, 601
What are the prime factors of 261231185?
5, 97, 538621
What are the prime factors of 3489517864?
2, 7, 23, 2709253
What are the prime factors of 231460256?
2, 241, 30013
List the prime factors of 90457881.
3, 461, 65407
List the prime factors of 918125956.
2, 11, 41, 101, 5039
What are the prime factors of 1334033436?
2, 3, 83, 1339391
List the prime factor